{"id":566,"date":"2024-08-06T14:55:54","date_gmt":"2024-08-06T12:55:54","guid":{"rendered":"https:\/\/kalivie.fr\/?page_id=566"},"modified":"2024-08-06T15:20:09","modified_gmt":"2024-08-06T13:20:09","slug":"le-referentiel-en-bref","status":"publish","type":"page","link":"https:\/\/kalivie.fr\/index.php\/le-referentiel-en-bref\/","title":{"rendered":"Le r\u00e9f\u00e9rentiel en bref"},"content":{"rendered":"\t\t<div data-elementor-type=\"wp-page\" data-elementor-id=\"566\" class=\"elementor elementor-566\">\n\t\t\t\t<div class=\"elementor-element elementor-element-2f4f3de e-flex e-con-boxed e-con e-parent\" data-id=\"2f4f3de\" data-element_type=\"container\">\n\t\t\t\t\t<div class=\"e-con-inner\">\n\t\t<div class=\"elementor-element elementor-element-b388339 e-con-full e-flex e-con e-child\" data-id=\"b388339\" data-element_type=\"container\">\n\t\t\t\t<div class=\"elementor-element elementor-element-3e667c8 elementor-widget elementor-widget-heading\" data-id=\"3e667c8\" data-element_type=\"widget\" data-widget_type=\"heading.default\">\n\t\t\t\t<div class=\"elementor-widget-container\">\n\t\t\t<style>\/*! elementor - v3.23.0 - 15-07-2024 *\/\n.elementor-heading-title{padding:0;margin:0;line-height:1}.elementor-widget-heading .elementor-heading-title[class*=elementor-size-]>a{color:inherit;font-size:inherit;line-height:inherit}.elementor-widget-heading .elementor-heading-title.elementor-size-small{font-size:15px}.elementor-widget-heading .elementor-heading-title.elementor-size-medium{font-size:19px}.elementor-widget-heading .elementor-heading-title.elementor-size-large{font-size:29px}.elementor-widget-heading .elementor-heading-title.elementor-size-xl{font-size:39px}.elementor-widget-heading .elementor-heading-title.elementor-size-xxl{font-size:59px}<\/style><h2 class=\"elementor-heading-title elementor-size-default\">Le r\u00e9f\u00e9rentiel en bref<\/h2>\t\t<\/div>\n\t\t\t\t<\/div>\n\t\t\t\t<div class=\"elementor-element elementor-element-81844b9 elementor-widget elementor-widget-text-editor\" data-id=\"81844b9\" data-element_type=\"widget\" data-widget_type=\"text-editor.default\">\n\t\t\t\t<div class=\"elementor-widget-container\">\n\t\t\t<style>\/*! elementor - v3.23.0 - 15-07-2024 *\/\n.elementor-widget-text-editor.elementor-drop-cap-view-stacked .elementor-drop-cap{background-color:#69727d;color:#fff}.elementor-widget-text-editor.elementor-drop-cap-view-framed .elementor-drop-cap{color:#69727d;border:3px solid;background-color:transparent}.elementor-widget-text-editor:not(.elementor-drop-cap-view-default) .elementor-drop-cap{margin-top:8px}.elementor-widget-text-editor:not(.elementor-drop-cap-view-default) .elementor-drop-cap-letter{width:1em;height:1em}.elementor-widget-text-editor .elementor-drop-cap{float:left;text-align:center;line-height:1;font-size:50px}.elementor-widget-text-editor .elementor-drop-cap-letter{display:inline-block}<\/style>\t\t\t\t<p>Un r\u00e9f\u00e9rentiel d&rsquo;\u00e9valuation structur\u00e9 en 3 chapitres : la personne, les professionnels, l&rsquo;ESSMS.<\/p><p>Des chapitres organis\u00e9s autour de 9 th\u00e9matiques<\/p><p>Un r\u00e9f\u00e9rentiel comportant au total 42 objectifs d\u00e9clin\u00e9s en 157 crit\u00e8res d&rsquo;\u00e9valuation.<\/p>\t\t\t\t\t\t<\/div>\n\t\t\t\t<\/div>\n\t\t\t\t<\/div>\n\t\t<div class=\"elementor-element elementor-element-9990889 e-con-full e-flex e-con e-child\" data-id=\"9990889\" data-element_type=\"container\">\n\t\t\t\t<div class=\"elementor-element elementor-element-0c445e0 elementor-widget elementor-widget-image\" data-id=\"0c445e0\" data-element_type=\"widget\" data-widget_type=\"image.default\">\n\t\t\t\t<div class=\"elementor-widget-container\">\n\t\t\t<style>\/*! elementor - v3.23.0 - 15-07-2024 *\/\n.elementor-widget-image{text-align:center}.elementor-widget-image a{display:inline-block}.elementor-widget-image a img[src$=\".svg\"]{width:48px}.elementor-widget-image img{vertical-align:middle;display:inline-block}<\/style>\t\t\t\t\t\t\t\t\t\t<img fetchpriority=\"high\" decoding=\"async\" width=\"1020\" height=\"572\" src=\"https:\/\/kalivie.fr\/wp-content\/uploads\/2024\/08\/SABLIER.png\" class=\"attachment-large size-large wp-image-568\" alt=\"\" srcset=\"https:\/\/kalivie.fr\/wp-content\/uploads\/2024\/08\/SABLIER.png 1020w, https:\/\/kalivie.fr\/wp-content\/uploads\/2024\/08\/SABLIER-300x168.png 300w, https:\/\/kalivie.fr\/wp-content\/uploads\/2024\/08\/SABLIER-768x431.png 768w, https:\/\/kalivie.fr\/wp-content\/uploads\/2024\/08\/SABLIER-800x450.png 800w\" sizes=\"(max-width: 1020px) 100vw, 1020px\" \/>\t\t\t\t\t\t\t\t\t\t\t\t\t<\/div>\n\t\t\t\t<\/div>\n\t\t\t\t<\/div>\n\t\t\t\t\t<\/div>\n\t\t\t\t<\/div>\n\t\t<div class=\"elementor-element elementor-element-654e662 e-flex e-con-boxed e-con e-parent\" data-id=\"654e662\" data-element_type=\"container\">\n\t\t\t\t\t<div class=\"e-con-inner\">\n\t\t\t\t<div class=\"elementor-element elementor-element-4b4cffe elementor-widget elementor-widget-text-editor\" data-id=\"4b4cffe\" data-element_type=\"widget\" data-widget_type=\"text-editor.default\">\n\t\t\t\t<div class=\"elementor-widget-container\">\n\t\t\t\t\t\t\t<p>Pour chacun des crit\u00e8res est pr\u00e9cis\u00e9 son champ d&rsquo;application, son niveau d&rsquo;exigence ses \u00e9l\u00e9ments d&rsquo;\u00e9valuation (entretiens, consultation documentaire<em>, <\/em>observations) et les r\u00e9f\u00e9rencements associ\u00e9s.<\/p><p>Des crit\u00e8res g\u00e9n\u00e9riques (129) communs \u00e0 tous Les ESSMS, des crit\u00e8res sp\u00e9cifiques (28) applicables selon le secteur d&rsquo;activit\u00e9, le type de structure ou le public accompagn\u00e9.<\/p><p>Un r\u00e9f\u00e9rentiel comprenant des crit\u00e8res \u00e0 2 niveaux d&rsquo;exigences : 139 qui correspondent au niveau standard attendu et 18 dits \u00ab imp\u00e9ratifs \u00bb qui impliquent la mise en place d&rsquo;un plan d&rsquo;actions sp\u00e9cifiques dans la continuit\u00e9 imm\u00e9diate de la visite d&rsquo;\u00e9valuation.<\/p><p>Un r\u00e9f\u00e9rentiel accompagn\u00e9 d&rsquo;un manuel d&rsquo;\u00e9valuation qui r\u00e9pertorie l&rsquo;ensemble des fiches crit\u00e8res et pr\u00e9sente des fiches pratiques utiles \u00e0 la mise en \u0153uvre de l&rsquo;\u00e9valuation.<\/p>\t\t\t\t\t\t<\/div>\n\t\t\t\t<\/div>\n\t\t\t\t\t<\/div>\n\t\t\t\t<\/div>\n\t\t<div class=\"elementor-element elementor-element-124fe93 e-flex e-con-boxed e-con e-parent\" data-id=\"124fe93\" data-element_type=\"container\">\n\t\t\t\t\t<div class=\"e-con-inner\">\n\t\t<div class=\"elementor-element elementor-element-89f3d58 e-con-full e-flex e-con e-child\" data-id=\"89f3d58\" data-element_type=\"container\">\n\t\t\t\t<div class=\"elementor-element elementor-element-13fadca elementor-mobile-align-center elementor-align-center elementor-widget elementor-widget-button\" data-id=\"13fadca\" data-element_type=\"widget\" data-widget_type=\"button.default\">\n\t\t\t\t<div class=\"elementor-widget-container\">\n\t\t\t\t\t<div class=\"elementor-button-wrapper\">\n\t\t\t<a class=\"elementor-button elementor-button-link elementor-size-sm\" href=\"https:\/\/kalivie.fr\/index.php\/la-structure-et-service\/\">\n\t\t\t\t\t\t<span class=\"elementor-button-content-wrapper\">\n\t\t\t\t\t\t<span class=\"elementor-button-icon\">\n\t\t\t\t<svg aria-hidden=\"true\" class=\"e-font-icon-svg e-fas-arrow-alt-circle-left\" viewBox=\"0 0 512 512\" xmlns=\"http:\/\/www.w3.org\/2000\/svg\"><path d=\"M256 504C119 504 8 393 8 256S119 8 256 8s248 111 248 248-111 248-248 248zm116-292H256v-70.9c0-10.7-13-16.1-20.5-8.5L121.2 247.5c-4.7 4.7-4.7 12.2 0 16.9l114.3 114.9c7.6 7.6 20.5 2.2 20.5-8.5V300h116c6.6 0 12-5.4 12-12v-64c0-6.6-5.4-12-12-12z\"><\/path><\/svg>\t\t\t<\/span>\n\t\t\t\t\t\t\t\t\t<span class=\"elementor-button-text\">La structure et service<\/span>\n\t\t\t\t\t<\/span>\n\t\t\t\t\t<\/a>\n\t\t<\/div>\n\t\t\t\t<\/div>\n\t\t\t\t<\/div>\n\t\t\t\t<\/div>\n\t\t<div class=\"elementor-element elementor-element-1a13ef0 e-con-full e-flex e-con e-child\" data-id=\"1a13ef0\" data-element_type=\"container\">\n\t\t\t\t<div class=\"elementor-element elementor-element-ed7c804 elementor-mobile-align-center elementor-align-center elementor-widget elementor-widget-button\" data-id=\"ed7c804\" data-element_type=\"widget\" data-widget_type=\"button.default\">\n\t\t\t\t<div class=\"elementor-widget-container\">\n\t\t\t\t\t<div class=\"elementor-button-wrapper\">\n\t\t\t<a class=\"elementor-button elementor-button-link elementor-size-sm\" href=\"https:\/\/kalivie.fr\/\">\n\t\t\t\t\t\t<span class=\"elementor-button-content-wrapper\">\n\t\t\t\t\t\t<span class=\"elementor-button-icon\">\n\t\t\t\t<svg aria-hidden=\"true\" class=\"e-font-icon-svg e-fas-home\" viewBox=\"0 0 576 512\" xmlns=\"http:\/\/www.w3.org\/2000\/svg\"><path d=\"M280.37 148.26L96 300.11V464a16 16 0 0 0 16 16l112.06-.29a16 16 0 0 0 15.92-16V368a16 16 0 0 1 16-16h64a16 16 0 0 1 16 16v95.64a16 16 0 0 0 16 16.05L464 480a16 16 0 0 0 16-16V300L295.67 148.26a12.19 12.19 0 0 0-15.3 0zM571.6 251.47L488 182.56V44.05a12 12 0 0 0-12-12h-56a12 12 0 0 0-12 12v72.61L318.47 43a48 48 0 0 0-61 0L4.34 251.47a12 12 0 0 0-1.6 16.9l25.5 31A12 12 0 0 0 45.15 301l235.22-193.74a12.19 12.19 0 0 1 15.3 0L530.9 301a12 12 0 0 0 16.9-1.6l25.5-31a12 12 0 0 0-1.7-16.93z\"><\/path><\/svg>\t\t\t<\/span>\n\t\t\t\t\t\t\t\t\t<span class=\"elementor-button-text\">Accueil<\/span>\n\t\t\t\t\t<\/span>\n\t\t\t\t\t<\/a>\n\t\t<\/div>\n\t\t\t\t<\/div>\n\t\t\t\t<\/div>\n\t\t\t\t<\/div>\n\t\t\t\t\t<\/div>\n\t\t\t\t<\/div>\n\t\t<div class=\"elementor-element elementor-element-4b3c046 e-flex e-con-boxed e-con e-parent\" data-id=\"4b3c046\" data-element_type=\"container\">\n\t\t\t\t\t<div class=\"e-con-inner\">\n\t\t<div class=\"elementor-element elementor-element-f1eb390 e-con-full e-flex e-con e-child\" data-id=\"f1eb390\" data-element_type=\"container\" data-settings=\"{&quot;background_background&quot;:&quot;classic&quot;}\">\n\t\t\t\t<div class=\"elementor-element elementor-element-7a46ee6 elementor-widget elementor-widget-heading\" data-id=\"7a46ee6\" data-element_type=\"widget\" data-widget_type=\"heading.default\">\n\t\t\t\t<div class=\"elementor-widget-container\">\n\t\t\t<p class=\"elementor-heading-title elementor-size-default\">\u00a9 2024 tous droits r\u00e9serv\u00e9s<\/p>\t\t<\/div>\n\t\t\t\t<\/div>\n\t\t\t\t<\/div>\n\t\t\t\t\t<\/div>\n\t\t\t\t<\/div>\n\t\t\t\t<\/div>\n\t\t","protected":false},"excerpt":{"rendered":"<p>Le r\u00e9f\u00e9rentiel en bref Un r\u00e9f\u00e9rentiel d&rsquo;\u00e9valuation structur\u00e9 en 3 chapitres : la personne, les professionnels, l&rsquo;ESSMS. Des chapitres organis\u00e9s autour de 9 th\u00e9matiques Un r\u00e9f\u00e9rentiel comportant au total 42 objectifs d\u00e9clin\u00e9s en 157 crit\u00e8res d&rsquo;\u00e9valuation. Pour chacun des crit\u00e8res est pr\u00e9cis\u00e9 son champ d&rsquo;application, son niveau d&rsquo;exigence ses \u00e9l\u00e9ments d&rsquo;\u00e9valuation (entretiens, consultation documentaire, observations) [&hellip;]<\/p>\n","protected":false},"author":1,"featured_media":0,"parent":0,"menu_order":0,"comment_status":"closed","ping_status":"closed","template":"","meta":{"footnotes":""},"class_list":["post-566","page","type-page","status-publish","hentry","entry"],"yoast_head":"<!-- This site is optimized with the Yoast SEO plugin v23.0 - https:\/\/yoast.com\/wordpress\/plugins\/seo\/ -->\n<title>Le r\u00e9f\u00e9rentiel en bref - Kalivie<\/title>\n<meta name=\"robots\" content=\"index, follow, max-snippet:-1, max-image-preview:large, max-video-preview:-1\" \/>\n<link rel=\"canonical\" href=\"https:\/\/kalivie.fr\/index.php\/le-referentiel-en-bref\/\" \/>\n<meta property=\"og:locale\" content=\"fr_FR\" \/>\n<meta property=\"og:type\" content=\"article\" \/>\n<meta property=\"og:title\" content=\"Le r\u00e9f\u00e9rentiel en bref - Kalivie\" \/>\n<meta property=\"og:description\" content=\"Le r\u00e9f\u00e9rentiel en bref Un r\u00e9f\u00e9rentiel d&rsquo;\u00e9valuation structur\u00e9 en 3 chapitres : la personne, les professionnels, l&rsquo;ESSMS. Des chapitres organis\u00e9s autour de 9 th\u00e9matiques Un r\u00e9f\u00e9rentiel comportant au total 42 objectifs d\u00e9clin\u00e9s en 157 crit\u00e8res d&rsquo;\u00e9valuation. Pour chacun des crit\u00e8res est pr\u00e9cis\u00e9 son champ d&rsquo;application, son niveau d&rsquo;exigence ses \u00e9l\u00e9ments d&rsquo;\u00e9valuation (entretiens, consultation documentaire, observations) [&hellip;]\" \/>\n<meta property=\"og:url\" content=\"https:\/\/kalivie.fr\/index.php\/le-referentiel-en-bref\/\" \/>\n<meta property=\"og:site_name\" content=\"Kalivie\" \/>\n<meta property=\"article:modified_time\" content=\"2024-08-06T13:20:09+00:00\" \/>\n<meta property=\"og:image\" content=\"https:\/\/kalivie.fr\/wp-content\/uploads\/2024\/08\/SABLIER.png\" \/>\n<meta name=\"twitter:card\" content=\"summary_large_image\" \/>\n<meta name=\"twitter:label1\" content=\"Dur\u00e9e de lecture estim\u00e9e\" \/>\n\t<meta name=\"twitter:data1\" content=\"1 minute\" \/>\n<script type=\"application\/ld+json\" class=\"yoast-schema-graph\">{\"@context\":\"https:\/\/schema.org\",\"@graph\":[{\"@type\":\"WebPage\",\"@id\":\"https:\/\/kalivie.fr\/index.php\/le-referentiel-en-bref\/\",\"url\":\"https:\/\/kalivie.fr\/index.php\/le-referentiel-en-bref\/\",\"name\":\"Le r\u00e9f\u00e9rentiel en bref - Kalivie\",\"isPartOf\":{\"@id\":\"https:\/\/kalivie.fr\/#website\"},\"primaryImageOfPage\":{\"@id\":\"https:\/\/kalivie.fr\/index.php\/le-referentiel-en-bref\/#primaryimage\"},\"image\":{\"@id\":\"https:\/\/kalivie.fr\/index.php\/le-referentiel-en-bref\/#primaryimage\"},\"thumbnailUrl\":\"https:\/\/kalivie.fr\/wp-content\/uploads\/2024\/08\/SABLIER.png\",\"datePublished\":\"2024-08-06T12:55:54+00:00\",\"dateModified\":\"2024-08-06T13:20:09+00:00\",\"breadcrumb\":{\"@id\":\"https:\/\/kalivie.fr\/index.php\/le-referentiel-en-bref\/#breadcrumb\"},\"inLanguage\":\"fr-FR\",\"potentialAction\":[{\"@type\":\"ReadAction\",\"target\":[\"https:\/\/kalivie.fr\/index.php\/le-referentiel-en-bref\/\"]}]},{\"@type\":\"ImageObject\",\"inLanguage\":\"fr-FR\",\"@id\":\"https:\/\/kalivie.fr\/index.php\/le-referentiel-en-bref\/#primaryimage\",\"url\":\"https:\/\/kalivie.fr\/wp-content\/uploads\/2024\/08\/SABLIER.png\",\"contentUrl\":\"https:\/\/kalivie.fr\/wp-content\/uploads\/2024\/08\/SABLIER.png\",\"width\":1020,\"height\":572},{\"@type\":\"BreadcrumbList\",\"@id\":\"https:\/\/kalivie.fr\/index.php\/le-referentiel-en-bref\/#breadcrumb\",\"itemListElement\":[{\"@type\":\"ListItem\",\"position\":1,\"name\":\"Accueil\",\"item\":\"https:\/\/kalivie.fr\/\"},{\"@type\":\"ListItem\",\"position\":2,\"name\":\"Le r\u00e9f\u00e9rentiel en bref\"}]},{\"@type\":\"WebSite\",\"@id\":\"https:\/\/kalivie.fr\/#website\",\"url\":\"https:\/\/kalivie.fr\/\",\"name\":\"Kalivie\",\"description\":\"Votre \u00e9valuation des structures m\u00e9dico sociales\",\"publisher\":{\"@id\":\"https:\/\/kalivie.fr\/#organization\"},\"potentialAction\":[{\"@type\":\"SearchAction\",\"target\":{\"@type\":\"EntryPoint\",\"urlTemplate\":\"https:\/\/kalivie.fr\/?s={search_term_string}\"},\"query-input\":\"required name=search_term_string\"}],\"inLanguage\":\"fr-FR\"},{\"@type\":\"Organization\",\"@id\":\"https:\/\/kalivie.fr\/#organization\",\"name\":\"Kalivie\",\"url\":\"https:\/\/kalivie.fr\/\",\"logo\":{\"@type\":\"ImageObject\",\"inLanguage\":\"fr-FR\",\"@id\":\"https:\/\/kalivie.fr\/#\/schema\/logo\/image\/\",\"url\":\"https:\/\/kalivie.fr\/wp-content\/uploads\/2024\/06\/kalivie-1.png\",\"contentUrl\":\"https:\/\/kalivie.fr\/wp-content\/uploads\/2024\/06\/kalivie-1.png\",\"width\":512,\"height\":512,\"caption\":\"Kalivie\"},\"image\":{\"@id\":\"https:\/\/kalivie.fr\/#\/schema\/logo\/image\/\"}}]}<\/script>\n<!-- \/ Yoast SEO plugin. -->","yoast_head_json":{"title":"Le r\u00e9f\u00e9rentiel en bref - Kalivie","robots":{"index":"index","follow":"follow","max-snippet":"max-snippet:-1","max-image-preview":"max-image-preview:large","max-video-preview":"max-video-preview:-1"},"canonical":"https:\/\/kalivie.fr\/index.php\/le-referentiel-en-bref\/","og_locale":"fr_FR","og_type":"article","og_title":"Le r\u00e9f\u00e9rentiel en bref - Kalivie","og_description":"Le r\u00e9f\u00e9rentiel en bref Un r\u00e9f\u00e9rentiel d&rsquo;\u00e9valuation structur\u00e9 en 3 chapitres : la personne, les professionnels, l&rsquo;ESSMS. Des chapitres organis\u00e9s autour de 9 th\u00e9matiques Un r\u00e9f\u00e9rentiel comportant au total 42 objectifs d\u00e9clin\u00e9s en 157 crit\u00e8res d&rsquo;\u00e9valuation. Pour chacun des crit\u00e8res est pr\u00e9cis\u00e9 son champ d&rsquo;application, son niveau d&rsquo;exigence ses \u00e9l\u00e9ments d&rsquo;\u00e9valuation (entretiens, consultation documentaire, observations) [&hellip;]","og_url":"https:\/\/kalivie.fr\/index.php\/le-referentiel-en-bref\/","og_site_name":"Kalivie","article_modified_time":"2024-08-06T13:20:09+00:00","og_image":[{"url":"https:\/\/kalivie.fr\/wp-content\/uploads\/2024\/08\/SABLIER.png"}],"twitter_card":"summary_large_image","twitter_misc":{"Dur\u00e9e de lecture estim\u00e9e":"1 minute"},"schema":{"@context":"https:\/\/schema.org","@graph":[{"@type":"WebPage","@id":"https:\/\/kalivie.fr\/index.php\/le-referentiel-en-bref\/","url":"https:\/\/kalivie.fr\/index.php\/le-referentiel-en-bref\/","name":"Le r\u00e9f\u00e9rentiel en bref - Kalivie","isPartOf":{"@id":"https:\/\/kalivie.fr\/#website"},"primaryImageOfPage":{"@id":"https:\/\/kalivie.fr\/index.php\/le-referentiel-en-bref\/#primaryimage"},"image":{"@id":"https:\/\/kalivie.fr\/index.php\/le-referentiel-en-bref\/#primaryimage"},"thumbnailUrl":"https:\/\/kalivie.fr\/wp-content\/uploads\/2024\/08\/SABLIER.png","datePublished":"2024-08-06T12:55:54+00:00","dateModified":"2024-08-06T13:20:09+00:00","breadcrumb":{"@id":"https:\/\/kalivie.fr\/index.php\/le-referentiel-en-bref\/#breadcrumb"},"inLanguage":"fr-FR","potentialAction":[{"@type":"ReadAction","target":["https:\/\/kalivie.fr\/index.php\/le-referentiel-en-bref\/"]}]},{"@type":"ImageObject","inLanguage":"fr-FR","@id":"https:\/\/kalivie.fr\/index.php\/le-referentiel-en-bref\/#primaryimage","url":"https:\/\/kalivie.fr\/wp-content\/uploads\/2024\/08\/SABLIER.png","contentUrl":"https:\/\/kalivie.fr\/wp-content\/uploads\/2024\/08\/SABLIER.png","width":1020,"height":572},{"@type":"BreadcrumbList","@id":"https:\/\/kalivie.fr\/index.php\/le-referentiel-en-bref\/#breadcrumb","itemListElement":[{"@type":"ListItem","position":1,"name":"Accueil","item":"https:\/\/kalivie.fr\/"},{"@type":"ListItem","position":2,"name":"Le r\u00e9f\u00e9rentiel en bref"}]},{"@type":"WebSite","@id":"https:\/\/kalivie.fr\/#website","url":"https:\/\/kalivie.fr\/","name":"Kalivie","description":"Votre \u00e9valuation des structures m\u00e9dico sociales","publisher":{"@id":"https:\/\/kalivie.fr\/#organization"},"potentialAction":[{"@type":"SearchAction","target":{"@type":"EntryPoint","urlTemplate":"https:\/\/kalivie.fr\/?s={search_term_string}"},"query-input":"required name=search_term_string"}],"inLanguage":"fr-FR"},{"@type":"Organization","@id":"https:\/\/kalivie.fr\/#organization","name":"Kalivie","url":"https:\/\/kalivie.fr\/","logo":{"@type":"ImageObject","inLanguage":"fr-FR","@id":"https:\/\/kalivie.fr\/#\/schema\/logo\/image\/","url":"https:\/\/kalivie.fr\/wp-content\/uploads\/2024\/06\/kalivie-1.png","contentUrl":"https:\/\/kalivie.fr\/wp-content\/uploads\/2024\/06\/kalivie-1.png","width":512,"height":512,"caption":"Kalivie"},"image":{"@id":"https:\/\/kalivie.fr\/#\/schema\/logo\/image\/"}}]}},"_links":{"self":[{"href":"https:\/\/kalivie.fr\/index.php\/wp-json\/wp\/v2\/pages\/566","targetHints":{"allow":["GET"]}}],"collection":[{"href":"https:\/\/kalivie.fr\/index.php\/wp-json\/wp\/v2\/pages"}],"about":[{"href":"https:\/\/kalivie.fr\/index.php\/wp-json\/wp\/v2\/types\/page"}],"author":[{"embeddable":true,"href":"https:\/\/kalivie.fr\/index.php\/wp-json\/wp\/v2\/users\/1"}],"replies":[{"embeddable":true,"href":"https:\/\/kalivie.fr\/index.php\/wp-json\/wp\/v2\/comments?post=566"}],"version-history":[{"count":10,"href":"https:\/\/kalivie.fr\/index.php\/wp-json\/wp\/v2\/pages\/566\/revisions"}],"predecessor-version":[{"id":595,"href":"https:\/\/kalivie.fr\/index.php\/wp-json\/wp\/v2\/pages\/566\/revisions\/595"}],"wp:attachment":[{"href":"https:\/\/kalivie.fr\/index.php\/wp-json\/wp\/v2\/media?parent=566"}],"curies":[{"name":"wp","href":"https:\/\/api.w.org\/{rel}","templated":true}]}}